01101011
What is 3168 (base 14) in base 10?
8520
-3341010 (base 5) to base 3
-2222202202
12210001 (base 3) to base 7
15166
Convert 1379 (base 11) to base 14.
912
325c (base 14) to base 9
12843
What is -343552 (base 6) in base 5?
-1414442
Convert 1c6 (base 16) to base 4.
13012
What is -774 (base 9) in base 10?
-634
298 (base 11) to base 6
1341
1784 (base 12) to base 3
10220001
Convert -214 (base 9) to base 14.
-c7
-14093 (base 10) to base 13
-6551
Convert -3d4 (base 15) to base 2.
-1101101010
893 (base 11) to base 10
1070
3a9c (base 15) to base 12
72b6
-161330 (base 7) to base 14
-b7c0
Convert 3236 (base 15) to base 11.
7a90
What is -5205 (base 7) in base 5?
-24233
-47406 (base 8) to base 9
-30667
What is 15430 (base 11) in base 6?
244553
Convert -2228 (base 11) to base 10.
-2934
Convert -36dc (base 15) to base 7.
-46026
Convert 1f73 (base 16) to base 3.
102001012
What is -603 (base 7) in base 9?
-360
23980 (base 10) to base 7
126625
What is 213233 (base 4) in base 14?
cd9
What is 1031 (base 10) in base 9?
1365
242 (base 15) to base 11
426
-7 (base 14) to base 6
-11
What is 840 (base 10) in base 14?
440
Convert -3043 (base 7) to base 14.
-55a
a909 (base 14) to base 12
14aa5
1778 (base 12) to base 7
11150
What is -476 (base 9) in base 4?
-12021
What is -55 (base 16) in base 2?
-1010101
212 (base 7) to base 12
8b
Convert 10101010100111 (base 2) to base 16.
2aa7
What is -2632 (base 8) in base 13?
-864
Convert 14730 (base 12) to base 7.
146436
Convert -42605 (base 7) to base 15.
-320e
What is 1832 (base 10) in base 9?
2455
113532 (base 7) to base 9
31113
What is -11201311 (base 4) in base 3?
-1011001201
1031222 (base 4) to base 5
124340
Convert 2244 (base 6) to base 8.
1024
What is 3426 (base 8) in base 11?
13aa
What is -38208 (base 9) in base 11?
-18330
What is -1241024 (base 5) in base 2?
-101111111000010
Convert 1111111 (base 2) to base 5.
1002
-13300222 (base 4) to base 3
-1121121021
Convert -1551 (base 6) to base 5.
-3202
129 (base 11) to base 3
12122
What is 754 (base 8) in base 16?
1ec
What is -c9c0 (base 16) in base 8?
-144700
Convert -140 (base 14) to base 10.
-252
Convert 5155 (base 8) to base 6.
20205
796 (base 14) to base 15
6a4
Convert -2668 (base 9) to base 6.
-13142
Convert 10011101010 (base 2) to base 9.
1647
What is 12742 (base 13) in base 3?
1201220101
What is -474 (base 8) in base 10?
-316
What is -589 (base 11) in base 6?
-3130
Convert 11324 (base 5) to base 10.
839
What is 5043 (base 8) in base 15?
b80
Convert 330 (base 13) to base 2.
1000100010
Convert 1d2 (base 16) to base 7.
1234
-30300 (base 4) to base 13
-4aa
What is -13472 (base 10) in base 4?
-3102200
46b (base 16) to base 11
939
What is 32f (base 16) in base 4?
30233
10101111101100 (base 2) to base 3
120102110
What is c3e (base 16) in base 2?
110000111110
Convert 52221 (base 10) to base 13.
1aa00
-58b (base 13) to base 3
-1022120
1348 (base 10) to base 16
544
Convert -109 (base 16) to base 3.
-100211
Convert -4583 (base 9) to base 4.
-311010
Convert -21020 (base 5) to base 10.
-1385
What is 482 (base 14) in base 8?
1602
What is 2173 (base 9) in base 3?
2012110
What is -243 (base 9) in base 16?
-c9
-d01 (base 14) to base 10
-2549
Convert -11988 (base 11) to base 16.
-4305
Convert 2614 (base 12) to base 7.
15433
What is 301122 (base 4) in base 10?
3162
What is 205665 (base 7) in base 9?
53833
Convert 3030321 (base 4) to base 14.
4ac9
-2633 (base 9) to base 10
-1974
What is 2089 (base 11) in base 6?
20435
Convert 20103 (base 4) to base 10.
531
Convert -9987 (base 11) to base 16.
-336b
Convert 5152 (base 8) to base 11.
2004
Convert 1100110111 (base 2) to base 12.
587
Convert 1110101000 (base 2) to base 14.
4ac
What is 12034 (base 6) in base 5?
24000
Convert -3e19 (base 16) to base 15.
-4a9c
Convert 555 (base 11) to base 13.
3c2
Convert -121025 (base 6) to base 11.
-7a68
What is -103a0 (base 12) in base 8?
-51450
Convert 3424 (base 6) to base 14.
41a
Convert 2818 (base 9) to base 14.
ab9
Convert 8871 (base 9) to base 16.
1990
Convert 3874 (base 10) to base 7.
14203
What is 413a1 (base 12) in base 15?
1a3ba
What is 1c58 (base 13) in base 12?
25a2
Convert 1f36 (base 16) to base 2.
1111100110110
Convert -192 (base 16) to base 6.
-1510
71872 (base 9) to base 5
3003434
What is 517 (base 9) in base 8?
645
Convert -3947 (base 11) to base 15.
-17c3
Convert 5096 (base 11) to base 15.
200a
-10031133 (base 4) to base 9
-25583
44175 (base 8) to base 13
85a6
What is -2687 (base 15) in base 12?
-4917
1410 (base 5) to base 11
19a
-21213 (base 4) to base 14
-31d
What is -110303 (base 5) in base 8?
-7364
Convert -866 (base 10) to base 16.
-362
What is 120200110 (base 3) in base 14?
4249
What is 32222 (base 7) in base 9?
11872
What is 31410 (base 6) in base 14?
179c
557 (base 16) to base 14
6d9
14d2 (base 15) to base 3
20010122
Convert -6021 (base 7) to base 6.
-13333
Convert -1a04 (base 16) to base 7.
-25263
What is -2102020120 (base 3) in base 9?
-72216
Convert -15468 (base 9) to base 13.
-4a8a
What is -24a (base 16) in base 3?
-210201
10580 (base 9) to base 11
5319
Convert a63 (base 16) to base 3.
10122111
What is 100111011 (base 2) in base 6?
1243
Convert 175b (base 12) to base 13.
137c
-2114 (base 5) to base 14
-164
13202 (base 4) to base 14
266
Convert -101110001001 (base 2) to base 15.
-d1d
28a03 (base 13) to base 3
10212210022
ac (base 16) to base 13
103
Convert 2987 (base 13) to base 5.
143101
What is 21146 (base 7) in base 5?
131403
151550 (base 6) to base 15
453c
Convert 355 (base 11) to base 6.
1543
Convert 403440 (base 5) to base 4.
3023003
4677 (base 9) to base 8
6620
What is 5a05 (base 13) in base 2?
11000110001000
Convert -1000034 (base 5) to base 6.
-200232
Convert -61204 (base 7) to base 3.
-202101001
Convert b (base 12) to base 9.
12
-5765 (base 10) to base 3
-21220112
What is -f10d (base 16) in base 3?
-10010122112
Convert 14b9 (base 12) to base 11.
1923
Convert 1001100111100000 (base 2) to base 11.
27661
-d0 (base 14) to base 16
-b6
What is 104c (base 13) in base 5?
33021
Convert -1a85d (base 14) to base 16.
-107b3
What is 10563 (base 8) in base 7?
16011
Convert 10111122 (base 3) to base 8.
4773
-3013 (base 6) to base 10
-657
What is 23235 (base 9) in base 5?
444003
Convert -111211 (base 3) to base 11.
-30a
11215 (base 6) to base 10
1595
What is 39340 (base 10) in base 16?
99ac
Convert -634 (base 14) to base 10.
-1222
Convert 1011102 (base 3) to base 16.
350
-103245 (base 6) to base 2
-10000101001101
What is 11174 (base 9) in base 4?
1310032
What is 221251 (base 6) in base 3?
221022211
What is 202201 (base 3) in base 11?
469
Convert 400 (base 12) to base 6.
2400
Convert 10067 (base 11) to base 4.
3211322
Convert -5ad (base 16) to base 7.
-4144
-102221011 (base 3) to base 2
-10000111111010
What is 235b (base 16) in base 15?
2a36
100 (base 11) to base 2
1111001
What is -151 (base 15) in base 13?
-1a2
8198 (base 13) to base 10
17870
Convert ce (base 16) to base 7.
413
What is 110011 (base 3) in base 6?
1304
Convert -11010111 (base 2) to base 11.
-186
-365 (base 11) to base 10
-434
-27b (base 15) to base 10
-566
What is 11321 (base 4) in base 2?
101111001
-179d (base 15) to base 13
-2422
What is 1455 (base 7) in base 6?
2403
Convert 10111000001 (base 2) to base 9.
2016
Convert -1012 (base 7) to base 12.
-254
-2201000101 (base 3) to base 5
-3200402
Convert 4430 (base 5) to base 8.
1147
What is -249 (base 11) in base 12?
-207
What is -131 (base 5) in base 2?
-101001
What is 100100001000111 (base 2) in base 10?
18503
-740b (base 12) to base 10
-12683
Convert -2130111 (base 4) to base 9.
-14646
Convert -442 (base 13) to base 6.
-3214
104232 (base 5) to base 3
12001202
-12033 (base 4) to base 3
-112210
-1907 (base 11) to base 12
-14a3
What is -510314 (base 6) in base 4?
-21311212
6422 (base 8) to base 2
110100010010
What is 1000111011 (base 2) in base 14?
2cb
100021 (base 3) to base 8
372
996 (base 11) to base 8
2252
-993 (base 10) to base 11
-823
Convert -100011010000110 (base 2) to base 10.
-18054
What is 4b9 (base 12) in base 6?
3153
Convert 2b3 (base 13) to base 16.
1e4
What is 3a27 (base 16) in base 14?
55d5
Convert -32b (base 12) to base 10.
-467
What is -9ab9 (base 14) in base 4?
-12203003
Convert 78 (base 15) to base 14.
81
Convert -2023310 (base 4) to base 3.
-110021